pose 2*w = 6, 0*k + 2*k = 2*w + 306. Calculate the remainder when k is divided by 32.
28
Suppose -22*c + 199 + 175 = 0. Calculate the remainder when 252 is divided by c.
14
Let k(c) = -c - 3. Let q = -13 - -16. Suppose -2*o + 5 = q*o, 0 = g - 2*o + 1. Calculate the remainder when k(-7) is divided by g.
0
Let q(b) = 3*b**3 + 2*b**2 - b + 1. Let y = -1174 - -1191. What is the remainder when q(2) is divided by y?
14
Let j(k) = -k**3 - 13*k**2 + 23*k - 54. What is the remainder when j(-16) is divided by 117?
112
Suppose -2*z - 4*n + 90 = 0, -2*z + 45 + 48 = n. Calculate the remainder when 106 is divided by z.
12
Let b(r) = -r**3 - r**2 + 27*r - 11. Calculate the remainder when 2614 is divided by b(4).
13
Calculate the remainder when 6/(((-4)/92 - 0)/(-1)) is divided by 36.
30
Suppose -2*v + 5*c = -54, 1121*c + 31 = 3*v + 1126*c. Let k = -25 - -225. Calculate the remainder when k is divided by v.
13
Let q(k) = -k**3 - 7*k**2 - 2*k - 4. Let o(p) = 6*p**2 - 8*p - 1. Calculate the remainder when o(3) is divided by q(-7).
9
Let v(c) = -5. Let w(g) = g - 5. Suppose -8 = 2*q - 2. Let m(x) = q*v(x) + 2*w(x). Calculate the remainder when 44 is divided by m(5).
14
Let p(x) = -7*x**2 + 13*x + 29. Let t(q) = -6*q**2 + 13*q + 30. Let d(l) = 5*p(l) - 6*t(l). What is the remainder when d(16) is divided by 5?
3
Let y(v) = -2*v - 16. Let i be y(-11). Suppose 12 = -2*g + i*g. Suppose -2*j - 5*t + 31 = -0*j, 3*j + g*t = 51. What is the remainder when 71 is divided by j?
17
Let b(v) = 5*v + 216. What is the remainder when 641 is divided by b(-34)?
43
Suppose 160 = -5*j - 25. Let q = 41 + j. Let u = -10 - -18. Calculate the remainder when u is divided by q.
0
Let l(v) = v**3 - 6*v**2 + 6*v + 5. Let f be (10 - -5)/(-3) - -10. What is the remainder when 57 is divided by l(f)?
7
Let f = -1292 + 1331. Calculate the remainder when 147 is divided by f.
30
Calculate the remainder when 275 is divided by (102/(-85))/(4/(-910)).
2
Let h = -10 - -11. Let x = 74 - 53. Calculate the remainder when (-2 + 166)*h/2 is divided by x.
19
Let r(b) = b + 38. Let p be r(-16). Suppose -p = 7*g - 92. What is the remainder when 16 is divided by g?
6
Suppose 2*o - 310 = -3*o - 5*d, o + 5*d = 66. What is the remainder when o is divided by (-19 - 2)/((-11)/11)?
19
Suppose -1 = -5*g + 374. Suppose -17*r - g = -22*r. Let u = 13 - -16. Calculate the remainder when u is divided by r.
14
Suppose 0 = -2*a + 2*i - 258, -5*i - 211 = 5*a + 404. Let y = -99 - a. What is the remainder when y is divided by 6?
3
Suppose -152 = -4*j + 2*m + m, m = -4*j + 168. Suppose j + 19 = 5*i. Calculate the remainder when 44 is divided by i.
8
Let r(s) = -s**2 - 3*s + 2. Let y be r(-2). Suppose 4 - 16 = -y*i. Suppose 2*q + i = 5*q. What is the remainder when 3 is divided by q?
0
Let u(o) = -10*o - 48. What is the remainder when 60 is divided by u(-7)?
16
Suppose 17*f = -4*f + 630. Calculate the remainder when 34 is divided by f.
4
What is the remainder when 159 is divided by 186/3 - 2 - -6?
27
Let q(i) = 5*i**2 - 7*i**2 + i**2 - 18*i + 26. Calculate the remainder when q(-19) is divided by 2.
1
Let l = -118 + 118. Suppose l = -3*u - 10*u + 273. What is the remainder when 40 is divided by u?
19
Let w(g) = -g**3 - 30 - 7*g**2 + 33*g**2 + 20*g - 11*g**2. What is the remainder when w(16) is divided by 8?
2
Let y = -3 - 8. Let i(z) = -10*z + 6. Let x(j) = -j**2 - 1. Let q(k) = -i(k) - x(k). What is the remainder when 10 is divided by q(y)?
4
Let k(u) = 16*u**2 - 23*u - 11. Let a(v) = 8*v**2 - 11*v - 5. Let w(l) = 9*a(l) - 4*k(l). What is the remainder when 177 is divided by w(-2)?
42
Let t(m) = -95*m. Calculate the remainder when 1133 is divided by t(-1).
88
Calculate the remainder when 8/(-1) - (-1664 - 17) is divided by 18.
17
Let s = 512 - 483. What is the remainder when 434 is divided by s?
28
Suppose -2*m + 62 = -5*o + 212, 0 = 2*o - 5*m - 60. Calculate the remainder when 267 is divided by o.
27
Suppose -5*s + 4*s - 64 = -4*p, 4*p + 2*s = 76. Suppose 0*g - 6 = 5*h + 4*g, 4*g = -4*h - 8. Let b = 4 + h. What is the remainder when p is divided by b?
5
Suppose 2*u + 276 = x + 3*u, u = 4. Calculate the remainder when x is divided by 4.
0
Suppose 128 = 4*q - 4*t + 24, 0 = 5*q + 3*t - 106. Suppose -190 = q*o - 28*o. What is the remainder when 73 is divided by o?
35
Suppose 4*y = 5*v + 67, 40 = 4*y - 61*v + 65*v. Calculate the remainder when 100 is divided by y.
9
Let i(r) = -r**3 - 6*r**2 + 5. Let h be i(-6). Suppose 2*q + 0 = -h*y + 1, 5*q - 15 = 0. What is the remainder when (y + -1)/(10/(-295)) is divided by 21?
17
Let q = 31 + -33. Calculate the remainder when 11 is divided by (2/2)/((-1)/q).
1
Suppose 0 = r - 8*r + 35. Suppose -11*j = -r*j - 1662. What is the remainder when j is divided by 31?
29
Suppose 95 = 4*h - 257. Suppose -h = -3*q - q. What is the remainder when 87 is divided by q?
21
Calculate the remainder when 229 is divided by (-6 - -48)*44/24.
75
Let k = 8 + -1. Suppose 2*y - k = -1. Suppose t = y*t - 18. Calculate the remainder when 24 is divided by t.
6
Suppose -2*o - 3*o + 625 = 0. Suppose d = -4*d + o. Calculate the remainder when (3 - (-8)/(-3))*147 is divided by d.
24
What is the remainder when 1393 is divided by -110 - -142 - 1*2/2?
29
Suppose -3*c + 7*c = -84. Let q = -2 - c. Calculate the remainder when 110 is divided by q.
15
Let b(y) = -y**3 - y**2 + 1. Let g be (4 - 1)*(-16)/24. Suppose 5*q + 48 - 133 = 0. Calculate the remainder when q is divided by b(g).
2
Suppose -3*n - 4*x = -552, -2*x - 510 = -4*n + 226. Suppose 163 = 4*c - 5*m, -27 - 1 = -c - 3*m. Calculate the remainder when n is divided by c.
36
Let u(d) = -20*d + 34. Calculate the remainder when 1090 is divided by u(1).
12
Let z be (-4 + -42)*1/(-1). Let i = z + -42. Let f(u) = 3*u**2 + 3*u + 1. What is the remainder when f(-3) is divided by i?
3
Let r(i) = -18*i - 68. Calculate the remainder when 151 is divided by r(-8).
75
Let f(r) = 35*r + 2. Let d be f(-2). Let i be -10*((-52)/(-20) - (1 + 0)). What is the remainder when 50 is divided by (d/i)/((-2)/(-8))?
16
Suppose -r = -5*v - 16 - 11, r - 19 = v. What is the remainder when 913 is divided by r?
12
Let f = 36 + -16. Let k be (5 - (4 + 34))/(-1). Let l = k - f. What is the remainder when 63 is divided by l?
11
Let i = 2 + 18. Suppose i = -a - 3*a. What is the remainder when 25 is divided by (14*-1)/(3 + a)?
4
Suppose -7*b + 8*b - 8 = 0. What is the remainder when 189 is divided by b?
5
Let p(l) = -9*l - 1. Let d = 70 - 19. Let k = d + -44. What is the remainder when p(-3) is divided by k?
5
What is the remainder when 155 is divided by 1 + 27 + 0 - 2?
25
Suppose 10*w = 2*w + 616. Let r = w - 31. Calculate the remainder when 183 is divided by r.
45
Let p(l) = -7*l**2 + 15*l - 25. Let c(z) = z**2 - z. Let j(v) = -5*c(v) - p(v). Calculate the remainder when j(6) is divided by 13.
11
Let m be (-4)/14 - (-569)/7. Suppose -5*x + 44 + m = 0. Suppose 59 = k - 2*p - 3*p, -364 = -5*k + 2*p. What is the remainder when k is divided by x?
24
Suppose 4*j - 22 = 50. What is the remainder when 80 is divided by j?
8
Suppose 0 = 2*u - 38*u + 4176. What is the remainder when u is divided by (-182)/(-6) + (-1)/3?
26
Suppose 1161 - 1125 = 3*w. What is the remainder when 162/8*(9 + -5) is divided by w?
9
Calculate the remainder when 1527 is divided by 4/(-14) - -3*(-363)/(-63).
14
Let a(c) = -11*c. Let z be a(2). Let r = 23 + z. Suppose 0 = -i + r + 3. What is the remainder when 22 is divided by i?
2
Suppose -4*h - 78 - 42 = 0. What is the remainder when 32 is divided by (h/5 - -2) + 13?
5
Let k = 113 - 49. What is the remainder when k is divided by 13?
12
Suppose 0 = r - 2*r + 43. Let f(g) = -g + 7. Let o be f(5). Suppose -4*q = h - 19, -o*h - 3*q + 14 = -7*q. What is the remainder when r is divided by h?
10
Suppose 18 = 2*z + 2*j, 2*z = 3*z - 4*j + 11. Suppose z*n - 60 = n. Calculate the remainder when 58 is divided by n.
13
Suppose 0 = y - 0 + 4. Let k be (y/3)/(11/(-33)). Suppose 0 = -v + 2*v - k. What is the remainder when 14 is divided by v?
2
Suppose -2*h + 0*h - 18 = 0. What is the remainder when 7/((-7)/(-4)) - h is divided by 8?
5
Let b(w) = 0 - 6*w**3 - 1 + 2*w**3 - 6*w**3. Let d(n) = -2*n**2 - 14*n - 9. Calculate the remainder when b(-1) is divided by d(-6).
0
Let q be ((-248)/40)/((-1)/5). Sup